 g(-3). Let n = -8 + z. Suppose n*r - 13 + 1 = 0. What are the prime factors of r?
3
Suppose -3*v + 160 = 4*s, 3*v - 6 = s + 149. List the prime factors of v.
2, 13
Suppose -i = x - 2, -4*i = 2*x - 4 + 6. Suppose 2*s + 33 = x*s. What are the prime factors of s?
11
Let c be 9/(-6)*4/(-6). List the prime factors of 0 - (c + 1) - -26.
2, 3
Suppose z + 9 = 3*v + 2*z, -z = -v - 1. Suppose 4*s + 28 = 2*f, v*f = -3*f + s + 79. List the prime factors of f.
2
Let g be (0 - -2)*(-2)/(-4). What are the prime factors of (32/4)/g + -3?
5
Suppose 791 = 13*r + 24. List the prime factors of r.
59
Let s be (18/15)/((-4)/(-50)). Let n(t) = -t**2 + 16*t - 6. What are the prime factors of n(s)?
3
Let d = -25 - -44. Suppose 5*c = -5*z + 79 - d, -3*c + 5*z = 4. List the prime factors of c.
7
Let s(h) = 16*h + 1. List the prime factors of s(1).
17
Suppose 5*o - 11 = 3*y - 68, -5*o = 2*y - 63. What are the prime factors of y?
2, 3
Let p(q) = -9*q**3 - 2*q**2 + 1. Suppose 8*r + 105 = 3*r. Let y be 4/(-14) + 15/r. List the prime factors of p(y).
2
Suppose -4*p - 84 = -2*a, 126 + 78 = 5*a - 4*p. What are the prime factors of a?
2, 5
Let a = -11 + 1. Let f be (-61)/(-9) + a/(-45). Let w = -1 + f. What are the prime factors of w?
2, 3
Suppose 2*c = -2*c + r + 116, 3*r = 12. Suppose 3*v - 5*v = -l + 10, 5*l = 5*v + c. What are the prime factors of 6 - l*1/(-2)?
7
Suppose -2*h - 4*k = k + 14, 4*k + 4 = 2*h. Let c be ((-3)/6)/(h/(-28)). What are the prime factors of (1 + c)/((-8)/20)?
3, 5
Let h = 8 + -3. Suppose -k - o - h = 0, 5*k - 5*o = -35 - 0. List the prime factors of (-8)/k - (-2)/3.
2
Suppose 0 = 4*c - 5*c + 88. List the prime factors of c.
2, 11
Let c be (4*2/8)/1. What are the prime factors of -4*c + -4 + 24?
2
Suppose 6*o + 71 = 4*h + 3*o, 0 = 5*o + 25. Suppose -h*t + 12*t + 54 = 0. List the prime factors of t.
3
Let y(k) = 5*k + 31. List the prime factors of y(16).
3, 37
Suppose -3*r + 12 = -9. Suppose -5*g + 3 = t - r, -3*g + 6 = 5*t. Suppose -g*p - 5*k + 8 = -7, -3*k - 53 = -5*p. What are the prime factors of p?
2, 5
Suppose -10 = 2*p + 4*u - 28, 3*p + 2*u = 19. Suppose -p*g + g = -40. Let r = -8 + g. List the prime factors of r.
2
Let h be 3/(-6) + 2/(-4). List the prime factors of (-5 - -4)/(h/47).
47
Let w = 12 - 22. List the prime factors of ((-3)/(-4))/(w/(-80)).
2, 3
List the prime factors of ((-228)/21)/((-2)/7).
2, 19
What are the prime factors of (4/(-6))/(12/(-234))?
13
Suppose -6 = -5*j + 9. Let c(x) = 3*x - 4. Let b be c(j). Let u = b - 1. List the prime factors of u.
2
Suppose -4*m = -19 - 45. What are the prime factors of m?
2
Let y be -2 + 1 - 15/(-5). Suppose y*k + 140 = 6*k. List the prime factors of k.
5, 7
Let g(m) = m**2 + 4*m - 6. Let s be g(-6). Let r(d) be the second derivative of d**5/20 - d**4/2 + 2*d**3/3 - 4*d**2 - d. List the prime factors of r(s).
2
Let t(c) = 26*c**3 + c**2 - 4*c + 3. Let m be t(2). Suppose 5*d - m = -52. What are the prime factors of d?
31
Let d = 20 - 19. List the prime factors of (-8)/(-5 + d)*17.
2, 17
Let l be (-1 + -2 - -2) + 50. Let c = 86 - l. What are the prime factors of c?
37
Let y = 3 - -60. List the prime factors of y.
3, 7
Let b(s) = s + 15. Suppose 11 + 3 = -2*n. Let h = -7 - n. What are the prime factors of b(h)?
3, 5
Suppose 8 = 4*x, 0 = 2*v - x - 2. Suppose -v*l + 8 + 16 = 0. What are the prime factors of l?
2, 3
Suppose 0 = 5*i - 4*i - 39. List the prime factors of i.
3, 13
Suppose 0 = g - 3*x - 221, 6*g + 4*x - 804 = 2*g. What are the prime factors of g?
2, 103
What are the prime factors of (-3 - 104/4)*-1?
29
Let j = 4 - 4. Suppose p - 2*p + 6 = j. List the prime factors of p.
2, 3
Let j be 4*3/12*2. Let u(n) = -6 + 0*n**2 + 3*n + 3*n**j - 2*n**2. What are the prime factors of u(-6)?
2, 3
Suppose -f + 21 = -c + 4*f, -c - 4*f + 24 = 0. Suppose -c = -3*s + 2*s. List the prime factors of s.
2
List the prime factors of ((-1)/1 + 139)/(6/12).
2, 3, 23
Suppose 5*u - 28 = 3*u. List the prime factors of u.
2, 7
Let r(w) = -3*w - 1. Let x be 12/(-30) - (-54)/10. Suppose x*f - 3*b + 18 = 2*f, -3*f + 4*b - 20 = 0. What are the prime factors of r(f)?
11
Suppose -c - 3*c = 4*t - 12, -5*t = 4*c - 7. Let q = c + 7. List the prime factors of q.
3, 5
What are the prime factors of (-3)/(-3) + 4 + 12?
17
Let h = -3 - -6. Let d(r) = -3*r - 9 - h*r + 4*r. What are the prime factors of d(-9)?
3
Suppose 0 = -t - 8 + 26. What are the prime factors of t?
2, 3
Let z be -2 + (5 + -2)/3. Let w be ((-6)/4)/(z/6). List the prime factors of 168/27 + (-2)/w.
2, 3
Let i = -292 - -479. What are the prime factors of i?
11, 17
Let h(m) = -5*m**3 + 8*m**2 + 4*m - 5. Let k(u) = 9*u**3 - 15*u**2 - 7*u + 9. Let g(f) = -7*h(f) - 4*k(f). List the prime factors of g(2).
7
Suppose -4*a - 6 = -3*t, -t + 2 = a - 0*a. Suppose 4*i - 71 = 5*n, -t*n + i = -7*n - 51. Let g = -7 - n. What are the prime factors of g?
2
Let v(t) = t + 49. List the prime factors of v(0).
7
Suppose -177*h + 172*h + 1140 = 0. What are the prime factors of h?
2, 3, 19
Suppose -5*o + 2*t = -19, 0*t = 3*o - 5*t. Suppose -2*n = o*s + 9, 4*n - 2*s + 0*s = 42. List the prime factors of n.
2
Let x = -7 + 23. What are the prime factors of 15/20*x/6?
2
Let a be (-4 - -4)*(-2)/4. Suppose -j + a = -2. Suppose 49 = 4*k - 5*p, -3*p + j*p + 51 = 3*k. List the prime factors of k.
2
Suppose -2*u + 7 - 1 = 0. List the prime factors of (-2)/u*(0 + -12).
2
Suppose -137 = 3*d - 3*l - 617, 490 = 3*d - l. List the prime factors of d.
3, 5, 11
Suppose 96 = 6*r - 3*r. What are the prime factors of r?
2
Suppose 0 = 4*n, d = -2*n - 0*n + 2. Suppose b - d*b = 11. Let h = b - -19. What are the prime factors of h?
2
Let q = 6 + 13. Suppose -3*a + 93 = 5*g, -3*g + a = -34 - q. Let u = -10 + g. List the prime factors of u.
2
Let u(x) = x**3 + 6*x**2 + 3*x - 2. Let w be u(-5). Suppose 0 = 5*g - 28 + w. What are the prime factors of g?
2
Suppose -3*t = -5*t + 62. List the prime factors of t.
31
Let o = -3 - -6. Suppose 37 = 5*x - o. List the prime factors of x.
2
Suppose -44 = -h - h. List the prime factors of h.
2, 11
Let m(j) = j + 4*j**2 + 19 - 7*j**3 - 9 - 12*j**2. Let r(k) = 13*k**3 + 16*k**2 - 2*k - 19. Let l(u) = 11*m(u) + 6*r(u). What are the prime factors of l(-8)?
2
Let u(p) = -p**3 + 4*p**2 - 3*p + 1. Let j be u(2). Suppose -j*h - 51 = -4*v + v, 5*v = h + 77. Suppose -v = -2*b + 3. What are the prime factors of b?
3
List the prime factors of 138/1 - (1 - -1).
2, 17
Let t(q) = q + 5. Let o be (-18)/8 - (-1)/4. Let g(i) = -i**2 - 2*i - 3. Let l be g(o). What are the prime factors of t(l)?
2
What are the prime factors of -12*((-105)/20 + -1)?
3, 5
Let b(w) = 82*w**3 + w**2 - w + 1. Let f be b(1). Suppose 3*h - f = -2*u, -3*u + 84 - 32 = 2*h. List the prime factors of h.
29
Let y = 18 + -12. What are the prime factors of y?
2, 3
Let c(x) = 2*x**2 + 25*x. What are the prime factors of c(-16)?
2, 7
Let z(w) = -w**2 + 19*w + 21. What are the prime factors of z(18)?
3, 13
Let r(n) = n + 4. Let g be (1 - 1 - -1)*3. List the prime factors of r(g).
7
Let a(y) = 3*y**2 - 3*y + 3. Let c be (2 - 3)/(1/(-2)). List the prime factors of a(c).
3
Let r = -4 + 9. Let j(t) = 2*t + r - t + 0. List the prime factors of j(4).
3
Let l(j) = -j + 13. Let t be l(7). Let z be (-7)/(1 + (-4)/t). Let n = z + 31. What are the prime factors of n?
2, 5
Let a(t) = t**3 - 5*t**2 - 5. Let g be a(4). Let i be g/(0 + 6/4). Let z = i - -26. What are the prime factors of z?
2, 3
Let m(d) = -d**2 + 8*d + 9. Let y be m(10). Let j = y + 25. What are the prime factors of j?
2, 7
Let u(l) = l**3 + 6*l**2 + 4. Let a be u(-6). Suppose 3*f + a = 28. List the prime factors of f.
2
Suppose -4*p = -2 - 10. Suppose -4*t - 3*x = -15, p*t + x = -4*x + 3. List the prime factors of t.
2, 3
Let i = 124 + -53. Suppose -m = -4*h - 0*m + 64, 0 = -5*h - m + i. What are the prime factors of h?
3, 5
Let j = 46 - 81. Let q = -3 - j. List the prime factors of q.
2
Suppose -y + 265 = 5*q - 0*y, 2*q - 2*y = 94. List the prime factors of q.
2, 13
Let s be (-1)/4 + (-3)/(-12). Let m = 0 - s. Let q(h) = -h**2 + 4. What are the prime factors of q(m)?
2
Let f = -90 - -162. What are the prime factors of f?
2, 3
Suppose 8*a = 4*a + 8. What are the prime factors of a + 1 - 98/(-7)?
17
Let d be (2/(-3))/(2/18). Let v(z) = z**2 + 3*z - 3. Let h be v(d). Suppo